 to base 5.
1044141
Convert 30301 (base 6) to base 14.
1657
Convert 9a0 (base 12) to base 10.
1416
What is -13051 (base 11) in base 9?
-27566
Convert 1120 (base 3) to base 12.
36
120033 (base 5) to base 16
1129
What is 50234 (base 10) in base 5?
3101414
-12310 (base 5) to base 2
-1110111011
What is -11011111 (base 4) in base 3?
-1001120011
What is -1b3 (base 15) in base 9?
-476
Convert 3005 (base 6) to base 2.
1010001101
-222122100 (base 3) to base 6
-225530
What is -24434 (base 7) in base 10?
-6395
Convert -60 (base 9) to base 4.
-312
1110001101 (base 2) to base 15
409
What is -132340 (base 5) in base 12?
-3115
Convert -132605 (base 8) to base 11.
-31a05
Convert -b9 (base 15) to base 9.
-213
95a (base 13) to base 15
716
Convert -608 (base 10) to base 9.
-745
60c5 (base 14) to base 13
775a
11101010111 (base 2) to base 15
854
What is 422012 (base 6) in base 11?
23713
Convert 421202 (base 5) to base 7.
55414
Convert -8636 (base 13) to base 3.
-221120012
-13112221 (base 4) to base 11
-206a3
What is a628 (base 13) in base 4?
11213222
Convert -1429 (base 10) to base 9.
-1857
-1633 (base 10) to base 16
-661
446 (base 8) to base 14
170
Convert 412112 (base 5) to base 13.
6144
-64a (base 13) to base 12
-758
-690 (base 10) to base 8
-1262
-1853 (base 11) to base 6
-14525
What is 1100022 (base 3) in base 5?
12410
What is 83b1 (base 14) in base 13?
a43a
-63746 (base 8) to base 7
-140355
What is 78a (base 11) in base 8?
1661
1300314 (base 5) to base 2
110000111111100
6690 (base 15) to base 9
32730
Convert c080 (base 15) to base 3.
2001201110
What is 287 (base 15) in base 6?
2401
-140 (base 6) to base 8
-74
What is -30876 (base 11) in base 8?
-127656
Convert -458 (base 10) to base 9.
-558
Convert -2021 (base 6) to base 10.
-445
What is -1100011010 (base 2) in base 10?
-794
Convert -314 (base 10) to base 13.
-1b2
What is -100210 (base 3) in base 14?
-14c
174 (base 14) to base 6
1214
What is -5802 (base 11) in base 3?
-101110102
Convert 16a12 (base 11) to base 13.
ab18
What is 155dd (base 14) in base 6?
1050451
What is 337 (base 10) in base 14?
1a1
Convert 2133221 (base 4) to base 16.
27e9
1103123 (base 4) to base 3
21022202
-20013 (base 7) to base 6
-34140
Convert -2170 (base 11) to base 14.
-1084
What is -249 (base 14) in base 10?
-457
Convert -164e (base 16) to base 3.
-21211111
Convert -10010010101 (base 2) to base 13.
-6c3
Convert 1472 (base 12) to base 4.
211112
What is -8 (base 16) in base 6?
-12
What is 222021 (base 3) in base 7?
2032
Convert 184 (base 14) to base 9.
376
-19 (base 13) to base 12
-1a
What is -10210002 (base 3) in base 11?
-2086
1820 (base 16) to base 6
44332
What is 1410240 (base 5) in base 15?
8815
9b55 (base 15) to base 6
412242
Convert -833 (base 16) to base 2.
-100000110011
Convert 100110110011 (base 2) to base 12.
152b
222 (base 15) to base 7
1256
-242 (base 10) to base 8
-362
What is -285 (base 12) in base 4?
-12011
Convert 242 (base 10) to base 3.
22222
b673 (base 12) to base 16
4df7
4522 (base 6) to base 10
1058
Convert 11872 (base 9) to base 4.
1331003
41133 (base 8) to base 15
5077
What is 1402031 (base 5) in base 8?
67347
What is -205041 (base 6) in base 15?
-4e07
Convert -4b (base 15) to base 16.
-47
Convert -17c (base 13) to base 12.
-1a8
-29a17 (base 11) to base 4
-22113321
Convert -63ab (base 14) to base 7.
-101104
What is -10545 (base 11) in base 10?
-15295
136 (base 7) to base 16
4c
Convert 11000 (base 3) to base 10.
108
What is -1004213 (base 6) in base 10?
-47601
What is -20034 (base 6) in base 5?
-40424
Convert 16226 (base 13) to base 10.
42113
-26dd (base 14) to base 16
-1acb
Convert -631 (base 16) to base 4.
-120301
Convert 607 (base 14) to base 3.
1121211
-107 (base 9) to base 2
-1011000
3255 (base 12) to base 10
5537
What is -220122221 (base 3) in base 5?
-1033410
Convert 13211 (base 5) to base 4.
100200
101111 (base 2) to base 10
47
Convert -444 (base 8) to base 13.
-196
What is -632 (base 10) in base 8?
-1170
Convert 503e (base 15) to base 2.
100001000100110
What is -11112221 (base 4) in base 6?
-245305
What is -28395 (base 11) in base 16?
-9dcd
What is 2111010 (base 3) in base 12?
1070
-a35 (base 16) to base 9
-3523
Convert 211102 (base 3) to base 12.
425
What is 130011 (base 4) in base 6?
12153
What is -1001101101 (base 2) in base 8?
-1155
Convert 54046 (base 7) to base 16.
3463
Convert -9a (base 12) to base 2.
-1110110
4252 (base 12) to base 9
10858
Convert -1022220 (base 3) to base 16.
-3c9
Convert -31772 (base 10) to base 9.
-47522
Convert -10010121011 (base 3) to base 4.
-33003220
What is 11301 (base 6) in base 10?
1621
Convert -12490 (base 11) to base 10.
-17886
What is 107417 (base 8) in base 16?
8f0f
113332 (base 5) to base 15
13b2
Convert -1440 (base 9) to base 11.
-900
236 (base 11) to base 6
1145
Convert -2310 (base 7) to base 4.
-31020
What is 14011 (base 5) in base 7?
3204
Convert 1691 (base 13) to base 4.
310001
What is 203 (base 12) in base 14?
16b
What is -b8 (base 13) in base 10?
-151
Convert 743 (base 14) to base 2.
10110010111
What is 102010 (base 3) in base 13?
1a1
Convert 1205540 (base 6) to base 8.
174004
49a (base 11) to base 10
593
Convert 37656 (base 8) to base 5.
1010202
Convert d2 (base 14) to base 10.
184
What is 875 (base 15) in base 6?
12502
Convert 121 (base 14) to base 11.
195
-214 (base 8) to base 10
-140
-2220121 (base 3) to base 15
-967
Convert 152254 (base 7) to base 16.
73c3
-7762 (base 12) to base 14
-4b34
What is -110000010101011 (base 2) in base 8?
-60253
What is -69c (base 13) in base 6?
-5143
1102112000 (base 3) to base 6
334000
3001123 (base 4) to base 11
9334
Convert 1401 (base 6) to base 10.
361
Convert -1b1a (base 12) to base 14.
-1302
-2c42 (base 14) to base 6
-100322
What is 11031 (base 5) in base 6?
3314
-41422 (base 5) to base 9
-3671
41 (base 7) to base 6
45
-100020212 (base 3) to base 14
-265c
Convert -635 (base 8) to base 11.
-346
Convert 3453 (base 10) to base 6.
23553
Convert -328 (base 11) to base 5.
-3033
-7a (base 14) to base 2
-1101100
What is -275 (base 9) in base 6?
-1022
-358 (base 16) to base 8
-1530
What is 934 (base 11) in base 14?
5a6
What is 17994 (base 10) in base 6?
215150
12865 (base 12) to base 2
110001101001101
Convert 56404 (base 7) to base 11.
a797
What is 111000010011101 (base 2) in base 3?
1110112202
Convert 2610 (base 10) to base 14.
d46
Convert -650 (base 13) to base 8.
-2067
-12a56 (base 15) to base 8
-164472
-289 (base 14) to base 6
-2213
Convert -1028 (base 14) to base 2.
-101011011100
Convert -1646 (base 13) to base 2.
-110011000101
1460 (base 10) to base 11
1108
Convert 1c7 (base 13) to base 9.
408
-551421 (base 6) to base 8
-131245
1033232 (base 4) to base 14
1c06
Convert -124a (base 12) to base 16.
-81a
Convert -1500 (base 6) to base 14.
-204
Convert 23553 (base 14) to base 5.
10223432
-d85d (base 15) to base 5
-2431023
What is -121022011 (base 3) in base 6?
-131004
-1203 (base 5) to base 14
-ca
What is 46304 (base 7) in base 4?
2320211
-110345 (base 6) to base 15
-2ade
Convert 1101110100 (base 2) to base 4.
31310
What is 2204 (base 5) in base 2?
100110000
What is -5ea8 (base 15) in base 13?
-9257
What is 2a0 (base 11) in base 6?
1344
Convert -545 (base 8) to base 6.
-1353
-18351 (base 10) to base 5
-1041401
Convert 240344 (base 5) to base 7.
34541
-3981 (base 11) to base 6
-35535
10000010100101 (base 2) to base 13
3a5b
What is -cc7 (base 14) in base 7?
-10240
What is -3547 (base 14) in base 10?
-9275
Convert -10101111101 (base 2) to base 15.
-63a
What is 111010000 (base 2) in base 5?
3324
Convert -100002112 (base 3) to base 4.
-1213211
Convert -3592 (base 10) to base 5.
-103332
-a3e (base 15) to base 13
-1088
What is -3 (base 4) in base 10?
-3
What is -2010122211 (base 3) in base 6?
-522334
What is -d2 (base 14) in base 8?
-270
What is 5151 (base 7) in base 12?
1060
-3a (base 13) to base 7
-100
11110330 (base 4) to base 10
21820
What is -18b (base 15) in base 3?
-111012
Convert 28b9 (base 13) to base 12.
34b6
Convert -1311210 (base 5) to base 7.
-135143
-796 (base 15) to base 7
-5001
What is -43655 (base 7) in base 13?
-4cb8
What is -55113 (base 7) in base 3?
-200220100
Convert 3b1 (base 13) to base 2.
1010001011
Convert -13642 (base 7) to base 3.
-12011001
Convert -2013 (base 7) to base 9.
-853
Convert -30213112 (base